v(2). Let w = -11 + s. Calculate the remainder when w is divided by 13.
10
Let w(n) = -27*n - 4. Let y(o) = -18*o - 3. Let l(k) = 5*w(k) - 7*y(k). Calculate the remainder when l(-4) is divided by -2 + (1 - (-16 - -2)).
11
Let s(y) = 5*y**2 + y. Calculate the remainder when 13 is divided by s(-1).
1
Let d be 0/2*(-4)/(-4). Suppose d*g - 189 = -4*g + 5*t, 4*g - 144 = -4*t. Suppose -3*z = 2*z - 105. Calculate the remainder when g is divided by z.
20
Let c = 2 + 5. Suppose -c*a = -5*a - 20. Calculate the remainder when a is divided by 4.
2
Suppose -15*w - 84 = -18*w. What is the remainder when w is divided by 4?
0
Suppose 0*b - 2*b = 0. What is the remainder when (-2 - b)*(-29)/2 is divided by 10?
9
Let o = 8 - 11. Let s(l) = -l**3 + 6*l**2 - 3*l + 2. Let c(p) = p**2 - p + 1. Let t(w) = -5*c(w) + s(w). What is the remainder when t(o) is divided by 14?
13
Let x(p) = p**2 + 3*p + 3. What is the remainder when 82 is divided by x(3)?
19
Suppose 3*a - 5*a = -14. What is the remainder when 16 is divided by a?
2
Suppose 2 = 3*g - 1. Suppose g = -u - a + 13, -5*u + 4*a + 15 = 0. Suppose -w = 2*f - u, -3*w + 3 = 2*f - 10. What is the remainder when 4 is divided by f?
0
Let l(g) be the third derivative of g**5/60 + g**4/12 + g**3/3 + 7*g**2. What is the remainder when 50 is divided by l(3)?
16
Let r(u) = 34*u. Calculate the remainder when r(1) is divided by 2/3 - (-34)/3.
10
Suppose -3*b = -0*b - 90. Let m = -23 - -39. What is the remainder when b is divided by m?
14
Let i = -81 + 88. Suppose z - 12 = -5*r + 21, 2*z - 42 = -2*r. Calculate the remainder when z is divided by i.
4
Let x be 15/(2 - 12/4). Let n = 22 + x. Calculate the remainder when 27 is divided by n.
6
Let g(k) = 2*k + 2*k + 3 - 5. What is the remainder when g(2) is divided by 2?
0
Suppose 5 + 19 = t. What is the remainder when t is divided by 13?
11
Suppose 6 + 51 = 3*r. Calculate the remainder when r is divided by 5.
4
Calculate the remainder when 94 is divided by -2*(-3 + 172/32)*-4.
18
Suppose 5*l - 5*i = 60, -2*l - l + 2*i = -33. What is the remainder when (288/60)/((-1)/10*-2) is divided by l?
6
Let g(m) = 4*m**2 - m**3 - 8*m + m**2 + 7*m**2 - 12. Calculate the remainder when (-39)/(-1) + -1 + 2 is divided by g(11).
19
Let k(s) = -s + 15. Let u be k(8). Let q = u - 2. Calculate the remainder when 9 is divided by q.
4
Let c(r) = -6*r + 7. Let u(l) = l - 1. Let n(v) = -5*v + 10. Let w(y) = -n(y) - 2*u(y). What is the remainder when c(-5) is divided by w(7)?
11
Suppose 3 = 3*g - 0. Suppose g = -x - 8. Calculate the remainder when 669/27 + (-2)/x is divided by 13.
12
Let d(f) = 5*f - 5. Calculate the remainder when 11 is divided by d(2).
1
Let m(n) = 14*n + 19. Calculate the remainder when m(7) is divided by 20.
17
Suppose 2*b = -5*h - 5, -3*h - 17 = -0*h + 4*b. Calculate the remainder when -2*(21/6)/(-7) is divided by h.
0
Suppose o = 5*o + 56. Let i = -4 - o. Calculate the remainder when 39 is divided by i.
9
Suppose -4*w - 58 = -6*w. What is the remainder when w is divided by (16/3)/(2/3)?
5
Let k be (-32)/(-12) - (-2)/6. Suppose -k*s + 104 = 2*a, 0 = 4*s - 2*a - a - 133. What is the remainder when s is divided by 18?
16
Let n = -4 + 0. Suppose 5*v = 6*v - 12. What is the remainder when n/(-10) - 163/(-5) is divided by v?
9
Let l(r) = 2*r - 4. Let k be l(-4). Let o(n) = n**3 + 13*n**2 + 10*n - 14. Let d = -1 + 18. What is the remainder when d is divided by o(k)?
7
Let i = -157 + 202. What is the remainder when i is divided by 3?
0
Let m be (-4)/6 + (-55)/(-15). Suppose 48 = -t + m*t + 4*a, 4*t + a = 75. Calculate the remainder when 71 is divided by t.
17
Suppose 0 = 3*t + 5*h - 1, -3*h = 2*t + 2*t - 5. Suppose -r = -2*l + 4*r + 2, -2*l + 2 = -t*r. Calculate the remainder when 3 is divided by l.
0
Let m be (-1)/((-19)/(-10) + -2). Let a = -8 + m. What is the remainder when 42/9 - 2/3 is divided by a?
0
Suppose 16 + 48 = 4*j + 2*s, -3*j = -s - 38. Calculate the remainder when 117/(-12)*8/(-3) is divided by j.
12
Let w = 191 + -119. What is the remainder when w is divided by 26?
20
Let i(r) = -8*r - 3. Let g(b) = b - 1. Let n(c) = -5*g(c) - i(c). What is the remainder when n(7) is divided by 8?
5
Let u be 2/(-4) - (-525)/6. Suppose 0 = 4*c, j + c - 12 = -2. Calculate the remainder when u/(-2)*(-2)/3 is divided by j.
9
Let d(r) = -r**3 + 2*r**2 + 3*r + 3. Let v be d(3). Let j be v/(-2 + (-633)/(-312)). What is the remainder when 12 is divided by j/20 + 2/(-10)?
2
Let u(v) be the first derivative of 5*v**2/2 + 1. Calculate the remainder when u(4) is divided by 7.
6
Let k = -3 + 5. Suppose 3*z = 35 - k. What is the remainder when z is divided by 6?
5
Let n(d) = -4*d + 4. Let h be n(-5). Suppose -4*r + 12 = -h. Calculate the remainder when 26 is divided by r.
8
Suppose -2*r = -6*r + 12. What is the remainder when 2 - (r - (26 + 1)) is divided by 7?
5
Let i be (4 + -2)/((-4)/(-6)). Suppose 0 = -0*o - i*o + 159. Calculate the remainder when o is divided by (-4)/3*54/(-4).
17
Let k(y) = -y**2 + 5*y - 20 + 8*y + 10. Calculate the remainder when 88 is divided by k(5).
28
Suppose 0 = 5*j + 3*y - 14, y + 2*y + 10 = j. Suppose j*h = 3*o + 31, 5*o - o = -2*h + 32. Calculate the remainder when 37 is divided by h.
7
Suppose 0*f + 89 = 5*f - 3*u, 2*u = -5*f + 99. Calculate the remainder when 69 is divided by f.
12
Let r(p) = p - 7. Let b be r(10). Suppose 5*d = 4*w + 80, 14 - 89 = -5*d + b*w. Let m = 24 - 1. Calculate the remainder when m is divided by d.
11
Let u = 32 + -5. Suppose -9 = 2*q - u. What is the remainder when 26 is divided by q?
8
Suppose g = 3*f - 4 - 19, 2 = f. Let u = 22 + g. Calculate the remainder when 12 is divided by u.
2
Suppose 0*y + y - 4 = 0. Let r(n) = n**3 - 8*n**2 - n + 8. Let q be r(8). Let z = 7 - q. What is the remainder when z is divided by y?
3
Calculate the remainder when 15 is divided by 2/(-8) - 51/(-12).
3
What is the remainder when 64 is divided by (-44)/3*(-18)/12?
20
Suppose 7 - 3 = -2*y. Let b(j) = 2*j**2 + 3*j + 3. Calculate the remainder when b(y) is divided by 2.
1
Let k be 1/(1/(-1)) - -3. Let f(l) = l**3 + l**2 + 2*l - 3. What is the remainder when f(k) is divided by (1/((-2)/(-7)))/(2/4)?
6
Suppose 0 = -5*v + 277 + 118. What is the remainder when v is divided by 10?
9
Suppose 0 = 7*o - 3*o - 844. Suppose -3*a + 0*q + q + o = 0, 0 = -5*a + 3*q + 357. Calculate the remainder when a is divided by 18.
15
Suppose 0 = 4*k + t - 152, 2*t + 181 = 5*k + t. Calculate the remainder when k is divided by 10.
7
Let v = 245 + -67. Suppose -3*t + t = -v. Calculate the remainder when t is divided by 18.
17
Let h(n) = -n**3 - 5*n**2 - 2*n + 1. Let c be h(-4). Let p = 11 + c. Let o = 9 + -4. Calculate the remainder when o is divided by p.
1
Suppose 0 = -5*j - 4*p - 0*p + 294, 5*p = 5. What is the remainder when j is divided by 15?
13
Let f = -6 - -4. Calculate the remainder when 1/2*(-4)/f is divided by 1.
0
Let l(z) = 45*z**2 - z. Let o be l(1). Let x = o + -26. What is the remainder when 34 is divided by x?
16
Suppose -6*v = -2*v + 32. Calculate the remainder when 23 + 4/((-8)/6) is divided by 1 - (v + 2*-1).
9
Let k(s) = 15*s - 1. Let r(w) = 9*w**2 - 2*w + 2. Let g be r(2). Let f = g + -14. What is the remainder when k(4) is divided by f?
19
Suppose -3*p = -58 - 65. Calculate the remainder when p is divided by 4 + (-40)/(-5) + 2.
13
Let m = -13 + 31. Calculate the remainder when 35 is divided by m.
17
Suppose 4*z = 3*z + 1. Let f be z - 1*(1 - 2). Suppose 5*v + 5 = -5*r, -f = -r - 7. What is the remainder when 6 is divided by v?
2
Suppose 0 = 3*y - y + 12. Let u = -4 - y. What is the remainder when u is divided by 2?
0
Suppose 2*d - 22 = 4*u, -u - 64 - 9 = -5*d. What is the remainder when 58 is divided by d?
13
Suppose -3*s - t - 26 = -0*s, -5*t = -3*s - 50. Let i(a) = a**2 + 6*a - 8. Calculate the remainder when i(s) is divided by 11.
10
Calculate the remainder when 91 is divided by 8/12 - (-94)/3.
27
Let y(g) = 17*g**3 + g**2 - 1. Let z = 0 - -1. Calculate the remainder when 32 is divided by y(z).
15
Let u(b) = 34*b + 1. Calculate the remainder when u(1) is divided by (-6)/21 - (-258)/21.
11
Suppose 4*f + 34 - 10 = 0. Let m(c) = -c**3 - 7*c**2 - 8*c - 8. Let l = 49 + -34. Calculate the remainder when l is divided by m(f).
3
Let y(x) = -x**2 + 5*x. Let f be y(4). Suppos